{"id":352,"date":"2015-04-16T08:16:33","date_gmt":"2015-04-16T07:16:33","guid":{"rendered":"http:\/\/astra-rasag.maweb.eu\/?page_id=352"},"modified":"2026-01-14T09:21:42","modified_gmt":"2026-01-14T08:21:42","slug":"uvodni-stranka","status":"publish","type":"page","link":"https:\/\/astra-rasag.cz\/","title":{"rendered":"\u00davodn\u00ed str\u00e1nka"},"content":{"rendered":"\n<p class=\"has-luminous-vivid-orange-color has-text-color\" style=\"font-size:25px\"><em><strong>Prov\u00e1d\u00edm tyto slu\u017eby na \u00fazem\u00ed Ostravy: <\/strong><\/em><\/p>\n\n\n\n<ul class=\"wp-block-list\">\n<li><em><strong>P\u00e1rov\u00e1n\u00ed \u010didel tlaku <strong>TPMS<\/strong> v pneu koncernu GM<\/strong><\/em> &#8211; <a href=\"http:\/\/astra-rasag.cz\/?page_id=5858\">zde<\/a><\/li>\n\n\n\n<li><strong>Ozonov\u00e9 \u010di\u0161t\u011bn\u00ed interi\u00e9ru vozidla<\/strong> &#8211; <a href=\"https:\/\/astra-rasag.cz\/?page_id=17497\">zde<\/a><\/li>\n<\/ul>\n\n\n\n<p>Pokud m\u00e1te z\u00e1jem, sta\u010d\u00ed napsat na email tohoto webu.<\/p>\n\n\n\n<p class=\"has-text-align-center\"><\/p>\n\n\n\n<p class=\"has-text-align-center has-luminous-vivid-orange-color has-text-color\" style=\"font-size:45px\"><strong><em>V\u00edt\u00e1m V\u00e1s<\/em><\/strong><\/p>\n\n\n\n<p>Od po\u010d\u00e1tku se v\u011bnuj\u00ed\u00a0 nejprod\u00e1van\u011bj\u0161\u00edmu modelu automobilky Opel. \u00a0Jedn\u00e1 se o \u00a0model Astra, kter\u00fd se za\u010dal vyr\u00e1b\u011bt v roce 1992 a byl to n\u00e1stupce legend\u00e1rn\u00edho modelu Opel Kadett. Najdete i zde mnoho n\u00e1vod\u016f, technick\u00fdch informac\u00ed, \u00a0fotografi\u00ed a historie tohoto modelu. Budu se zejm\u00e9na v\u011bnovat modelu Astra G, kter\u00fd se na trhu objevil v roce 1998 a v\u00fdroba byla ukon\u010dena v roce 2009. Nad\u00e1le modelu Astra J, kter\u00fd se na trhu objevil v roce 2009 a v posledn\u00ed \u0159ad\u011b Ast\u0159e L od roku 2022. Samoz\u0159ejm\u011b se zde budete moci sezn\u00e1mit i s jin\u00fdmi modely automobilky Opel, ale pouze okrajov\u011b. Jak vznikla my\u0161lenka zalo\u017eit tento web najdete v sekci &#8211; <a href=\"http:\/\/astra-rasag.cz\/?page_id=13858\">O webu<\/a>.<\/p>\n\n\n\n<p>Tak p\u0159eji p\u011bkn\u00e9 minuty na tomto webu.<\/p>\n\n\n<div class=\"wp-block-image\">\n<figure class=\"alignright\"><a href=\"http:\/\/astra-rasag.cz\/wp-content\/uploads\/2018\/12\/Opel_120_let_logo.jpg\"><img loading=\"lazy\" decoding=\"async\" width=\"300\" height=\"90\" src=\"http:\/\/astra-rasag.cz\/wp-content\/uploads\/2018\/12\/Opel_120_let_logo-300x90.jpg\" alt=\"\" class=\"wp-image-4363\" srcset=\"https:\/\/astra-rasag.cz\/wp-content\/uploads\/2018\/12\/Opel_120_let_logo-300x90.jpg 300w, https:\/\/astra-rasag.cz\/wp-content\/uploads\/2018\/12\/Opel_120_let_logo-768x230.jpg 768w, https:\/\/astra-rasag.cz\/wp-content\/uploads\/2018\/12\/Opel_120_let_logo-1024x307.jpg 1024w, https:\/\/astra-rasag.cz\/wp-content\/uploads\/2018\/12\/Opel_120_let_logo.jpg 1570w\" sizes=\"auto, (max-width: 300px) 100vw, 300px\" \/><\/a><\/figure>\n<\/div>\n\n\n<p>===================================<\/p>\n\n\n\n<p>Automobilka ke konci roku 2018 p\u0159ipravila speci\u00e1ln\u00ed edici voz\u016f, ke 120 let\u016fm, t\u00e9to zna\u010dky z nov\u00fdm a velmi vyda\u0159en\u00fdm logem. P\u0159esn\u011b jak tomu bylo v roce 1999. kdy na modelu Astra G v li\u0161t\u00e1ch na dve\u0159\u00edch se objevila edice 100 (ta pr\u00e1v\u011b upozor\u0148ovala na 100 let zna\u010dky).<\/p>\n\n\n\n<figure class=\"wp-block-image size-large\"><a href=\"https:\/\/astra-rasag.cz\/wp-content\/uploads\/2024\/08\/opel_astra_electric_3-scaled.jpeg\"><img loading=\"lazy\" decoding=\"async\" width=\"1024\" height=\"402\" src=\"https:\/\/astra-rasag.cz\/wp-content\/uploads\/2024\/08\/opel_astra_electric_3-1024x402.jpeg\" alt=\"\" class=\"wp-image-15552\" srcset=\"https:\/\/astra-rasag.cz\/wp-content\/uploads\/2024\/08\/opel_astra_electric_3-1024x402.jpeg 1024w, https:\/\/astra-rasag.cz\/wp-content\/uploads\/2024\/08\/opel_astra_electric_3-300x118.jpeg 300w, https:\/\/astra-rasag.cz\/wp-content\/uploads\/2024\/08\/opel_astra_electric_3-768x302.jpeg 768w, https:\/\/astra-rasag.cz\/wp-content\/uploads\/2024\/08\/opel_astra_electric_3-1536x603.jpeg 1536w, https:\/\/astra-rasag.cz\/wp-content\/uploads\/2024\/08\/opel_astra_electric_3-2048x804.jpeg 2048w\" sizes=\"auto, (max-width: 1024px) 100vw, 1024px\" \/><\/a><\/figure>\n\n\n\n<figure class=\"wp-block-image size-large\"><a href=\"https:\/\/astra-rasag.cz\/wp-content\/uploads\/2024\/08\/Opel_Astra-L-baner.jpg\"><img loading=\"lazy\" decoding=\"async\" width=\"1024\" height=\"417\" src=\"https:\/\/astra-rasag.cz\/wp-content\/uploads\/2024\/08\/Opel_Astra-L-baner-1024x417.jpg\" alt=\"\" class=\"wp-image-15550\" srcset=\"https:\/\/astra-rasag.cz\/wp-content\/uploads\/2024\/08\/Opel_Astra-L-baner-1024x417.jpg 1024w, https:\/\/astra-rasag.cz\/wp-content\/uploads\/2024\/08\/Opel_Astra-L-baner-300x122.jpg 300w, https:\/\/astra-rasag.cz\/wp-content\/uploads\/2024\/08\/Opel_Astra-L-baner-768x312.jpg 768w, https:\/\/astra-rasag.cz\/wp-content\/uploads\/2024\/08\/Opel_Astra-L-baner-1536x625.jpg 1536w, https:\/\/astra-rasag.cz\/wp-content\/uploads\/2024\/08\/Opel_Astra-L-baner.jpg 1600w\" sizes=\"auto, (max-width: 1024px) 100vw, 1024px\" \/><\/a><\/figure>\n\n\n\n<figure class=\"wp-block-image size-large\"><a href=\"https:\/\/astra-rasag.cz\/wp-content\/uploads\/2020\/05\/Opel-Astra-K_1.jpg\"><img loading=\"lazy\" decoding=\"async\" width=\"1024\" height=\"363\" src=\"https:\/\/astra-rasag.cz\/wp-content\/uploads\/2020\/05\/Opel-Astra-K_1-1024x363.jpg\" alt=\"\" class=\"wp-image-5758\" srcset=\"https:\/\/astra-rasag.cz\/wp-content\/uploads\/2020\/05\/Opel-Astra-K_1-1024x363.jpg 1024w, https:\/\/astra-rasag.cz\/wp-content\/uploads\/2020\/05\/Opel-Astra-K_1-300x106.jpg 300w, https:\/\/astra-rasag.cz\/wp-content\/uploads\/2020\/05\/Opel-Astra-K_1-768x272.jpg 768w, https:\/\/astra-rasag.cz\/wp-content\/uploads\/2020\/05\/Opel-Astra-K_1.jpg 1184w\" sizes=\"auto, (max-width: 1024px) 100vw, 1024px\" \/><\/a><\/figure>\n\n\n\n<figure class=\"wp-block-image size-large\"><a href=\"https:\/\/astra-rasag.cz\/wp-content\/uploads\/2020\/05\/Opel-Astra-K_2.jpg\"><img loading=\"lazy\" decoding=\"async\" width=\"1024\" height=\"363\" src=\"https:\/\/astra-rasag.cz\/wp-content\/uploads\/2020\/05\/Opel-Astra-K_2-1024x363.jpg\" alt=\"\" class=\"wp-image-5759\" srcset=\"https:\/\/astra-rasag.cz\/wp-content\/uploads\/2020\/05\/Opel-Astra-K_2-1024x363.jpg 1024w, https:\/\/astra-rasag.cz\/wp-content\/uploads\/2020\/05\/Opel-Astra-K_2-300x106.jpg 300w, https:\/\/astra-rasag.cz\/wp-content\/uploads\/2020\/05\/Opel-Astra-K_2-768x272.jpg 768w, https:\/\/astra-rasag.cz\/wp-content\/uploads\/2020\/05\/Opel-Astra-K_2.jpg 1184w\" sizes=\"auto, (max-width: 1024px) 100vw, 1024px\" \/><\/a><\/figure>\n\n\n\n<figure class=\"wp-block-image size-full is-resized\"><a href=\"https:\/\/astra-rasag.cz\/wp-content\/uploads\/2015\/04\/Astra_J_New_Astra_Elite_00.jpg\"><img loading=\"lazy\" decoding=\"async\" width=\"768\" height=\"432\" src=\"https:\/\/astra-rasag.cz\/wp-content\/uploads\/2015\/04\/Astra_J_New_Astra_Elite_00.jpg\" alt=\"\" class=\"wp-image-340\" style=\"width:832px;height:auto\" srcset=\"https:\/\/astra-rasag.cz\/wp-content\/uploads\/2015\/04\/Astra_J_New_Astra_Elite_00.jpg 768w, https:\/\/astra-rasag.cz\/wp-content\/uploads\/2015\/04\/Astra_J_New_Astra_Elite_00-300x169.jpg 300w\" sizes=\"auto, (max-width: 768px) 100vw, 768px\" \/><\/a><\/figure>\n\n\n\n<figure class=\"wp-block-image size-full is-resized\"><a href=\"https:\/\/astra-rasag.cz\/wp-content\/uploads\/2015\/04\/Astra_J_New_Astra_Elite_01.jpg\"><img loading=\"lazy\" decoding=\"async\" width=\"768\" height=\"432\" src=\"https:\/\/astra-rasag.cz\/wp-content\/uploads\/2015\/04\/Astra_J_New_Astra_Elite_01.jpg\" alt=\"\" class=\"wp-image-341\" style=\"width:834px;height:auto\" srcset=\"https:\/\/astra-rasag.cz\/wp-content\/uploads\/2015\/04\/Astra_J_New_Astra_Elite_01.jpg 768w, https:\/\/astra-rasag.cz\/wp-content\/uploads\/2015\/04\/Astra_J_New_Astra_Elite_01-300x169.jpg 300w\" sizes=\"auto, (max-width: 768px) 100vw, 768px\" \/><\/a><\/figure>\n\n\n\n<figure class=\"wp-block-image size-full is-resized\"><a href=\"https:\/\/astra-rasag.cz\/wp-content\/uploads\/2015\/04\/Astra_H_02.jpg\"><img loading=\"lazy\" decoding=\"async\" width=\"653\" height=\"303\" src=\"https:\/\/astra-rasag.cz\/wp-content\/uploads\/2015\/04\/Astra_H_02.jpg\" alt=\"\" class=\"wp-image-346\" style=\"width:834px;height:auto\" srcset=\"https:\/\/astra-rasag.cz\/wp-content\/uploads\/2015\/04\/Astra_H_02.jpg 653w, https:\/\/astra-rasag.cz\/wp-content\/uploads\/2015\/04\/Astra_H_02-300x139.jpg 300w\" sizes=\"auto, (max-width: 653px) 100vw, 653px\" \/><\/a><\/figure>\n\n\n\n<figure class=\"wp-block-image size-large\"><a href=\"https:\/\/astra-rasag.cz\/wp-content\/uploads\/2015\/04\/Astra_H_gtc_opc_nurburgring_edition_01.jpg\"><img loading=\"lazy\" decoding=\"async\" width=\"1024\" height=\"768\" src=\"https:\/\/astra-rasag.cz\/wp-content\/uploads\/2015\/04\/Astra_H_gtc_opc_nurburgring_edition_01-1024x768.jpg\" alt=\"\" class=\"wp-image-347\" srcset=\"https:\/\/astra-rasag.cz\/wp-content\/uploads\/2015\/04\/Astra_H_gtc_opc_nurburgring_edition_01-1024x768.jpg 1024w, https:\/\/astra-rasag.cz\/wp-content\/uploads\/2015\/04\/Astra_H_gtc_opc_nurburgring_edition_01-300x225.jpg 300w, https:\/\/astra-rasag.cz\/wp-content\/uploads\/2015\/04\/Astra_H_gtc_opc_nurburgring_edition_01.jpg 1920w\" sizes=\"auto, (max-width: 1024px) 100vw, 1024px\" \/><\/a><\/figure>\n\n\n\n<figure class=\"wp-block-image size-full is-resized\"><a href=\"https:\/\/astra-rasag.cz\/wp-content\/uploads\/2015\/04\/Astra_G.jpg\"><img loading=\"lazy\" decoding=\"async\" width=\"800\" height=\"600\" src=\"https:\/\/astra-rasag.cz\/wp-content\/uploads\/2015\/04\/Astra_G.jpg\" alt=\"\" class=\"wp-image-350\" style=\"width:835px;height:auto\" srcset=\"https:\/\/astra-rasag.cz\/wp-content\/uploads\/2015\/04\/Astra_G.jpg 800w, https:\/\/astra-rasag.cz\/wp-content\/uploads\/2015\/04\/Astra_G-300x225.jpg 300w\" sizes=\"auto, (max-width: 800px) 100vw, 800px\" \/><\/a><\/figure>\n\n\n\n<figure class=\"wp-block-image size-full is-resized\"><a href=\"https:\/\/astra-rasag.cz\/wp-content\/uploads\/2015\/04\/Astra-G-opc.bmp\"><img loading=\"lazy\" decoding=\"async\" width=\"800\" height=\"531\" src=\"https:\/\/astra-rasag.cz\/wp-content\/uploads\/2015\/04\/Astra-G-opc.bmp\" alt=\"\" class=\"wp-image-349\" style=\"width:835px;height:auto\" srcset=\"https:\/\/astra-rasag.cz\/wp-content\/uploads\/2015\/04\/Astra-G-opc.bmp 800w, https:\/\/astra-rasag.cz\/wp-content\/uploads\/2015\/04\/Astra-G-opc-300x199.jpg 300w\" sizes=\"auto, (max-width: 800px) 100vw, 800px\" \/><\/a><\/figure>\n\n\n\n<figure class=\"wp-block-image size-large\"><a href=\"https:\/\/astra-rasag.cz\/wp-content\/uploads\/2020\/01\/Corsa_F_2020_GS-Line_10.jpg\"><img loading=\"lazy\" decoding=\"async\" width=\"1024\" height=\"576\" src=\"https:\/\/astra-rasag.cz\/wp-content\/uploads\/2020\/01\/Corsa_F_2020_GS-Line_10-1024x576.jpg\" alt=\"\" class=\"wp-image-5437\" srcset=\"https:\/\/astra-rasag.cz\/wp-content\/uploads\/2020\/01\/Corsa_F_2020_GS-Line_10-1024x576.jpg 1024w, https:\/\/astra-rasag.cz\/wp-content\/uploads\/2020\/01\/Corsa_F_2020_GS-Line_10-300x169.jpg 300w, https:\/\/astra-rasag.cz\/wp-content\/uploads\/2020\/01\/Corsa_F_2020_GS-Line_10-768x432.jpg 768w, https:\/\/astra-rasag.cz\/wp-content\/uploads\/2020\/01\/Corsa_F_2020_GS-Line_10-1536x864.jpg 1536w, https:\/\/astra-rasag.cz\/wp-content\/uploads\/2020\/01\/Corsa_F_2020_GS-Line_10.jpg 1920w\" sizes=\"auto, (max-width: 1024px) 100vw, 1024px\" \/><\/a><\/figure>\n\n\n\n<figure class=\"wp-block-image size-full\"><a href=\"https:\/\/astra-rasag.cz\/wp-content\/uploads\/2019\/10\/Grandland-X-foto-2.jpg\"><img loading=\"lazy\" decoding=\"async\" width=\"960\" height=\"636\" src=\"https:\/\/astra-rasag.cz\/wp-content\/uploads\/2019\/10\/Grandland-X-foto-2.jpg\" alt=\"\" class=\"wp-image-5084\" srcset=\"https:\/\/astra-rasag.cz\/wp-content\/uploads\/2019\/10\/Grandland-X-foto-2.jpg 960w, https:\/\/astra-rasag.cz\/wp-content\/uploads\/2019\/10\/Grandland-X-foto-2-300x199.jpg 300w, https:\/\/astra-rasag.cz\/wp-content\/uploads\/2019\/10\/Grandland-X-foto-2-768x509.jpg 768w\" sizes=\"auto, (max-width: 960px) 100vw, 960px\" \/><\/a><\/figure>\n\n\n\n<p><\/p>\n\n\n\n<p><\/p>\n\n\n\n<p><\/p>\n","protected":false},"excerpt":{"rendered":"<p>Prov\u00e1d\u00edm tyto slu\u017eby na \u00fazem\u00ed Ostravy: P\u00e1rov\u00e1n\u00ed \u010didel tlaku TPMS v pneu koncernu GM &#8211; zde Ozonov\u00e9 \u010di\u0161t\u011bn\u00ed interi\u00e9ru vozidla &#8211; zde Pokud m\u00e1te z\u00e1jem, sta\u010d\u00ed napsat na email tohoto webu. V\u00edt\u00e1m V\u00e1s Od po\u010d\u00e1tku se v\u011bnuj\u00ed\u00a0 nejprod\u00e1van\u011bj\u0161\u00edmu modelu automobilky Opel. \u00a0Jedn\u00e1 se o \u00a0model Astra, kter\u00fd se za\u010dal vyr\u00e1b\u011bt v roce 1992 a byl&#8230; <\/p>\n<div class=\"read-more navbutton\"><a href=\"https:\/\/astra-rasag.cz\/\">Read More<i class=\"fa fa-angle-double-right\"><\/i><\/a><\/div>\n","protected":false},"author":1,"featured_media":0,"parent":0,"menu_order":0,"comment_status":"closed","ping_status":"open","template":"","meta":{"ngg_post_thumbnail":0,"footnotes":""},"class_list":["post-352","page","type-page","status-publish","hentry"],"_links":{"self":[{"href":"https:\/\/astra-rasag.cz\/index.php?rest_route=\/wp\/v2\/pages\/352","targetHints":{"allow":["GET"]}}],"collection":[{"href":"https:\/\/astra-rasag.cz\/index.php?rest_route=\/wp\/v2\/pages"}],"about":[{"href":"https:\/\/astra-rasag.cz\/index.php?rest_route=\/wp\/v2\/types\/page"}],"author":[{"embeddable":true,"href":"https:\/\/astra-rasag.cz\/index.php?rest_route=\/wp\/v2\/users\/1"}],"replies":[{"embeddable":true,"href":"https:\/\/astra-rasag.cz\/index.php?rest_route=%2Fwp%2Fv2%2Fcomments&post=352"}],"version-history":[{"count":72,"href":"https:\/\/astra-rasag.cz\/index.php?rest_route=\/wp\/v2\/pages\/352\/revisions"}],"predecessor-version":[{"id":18465,"href":"https:\/\/astra-rasag.cz\/index.php?rest_route=\/wp\/v2\/pages\/352\/revisions\/18465"}],"wp:attachment":[{"href":"https:\/\/astra-rasag.cz\/index.php?rest_route=%2Fwp%2Fv2%2Fmedia&parent=352"}],"curies":[{"name":"wp","href":"https:\/\/api.w.org\/{rel}","templated":true}]}}